 - -18)) + 31 - 2?
26
(-18 - (-7 + 0)) + 27
16
7 + 7 + -35 + 7
-14
Evaluate (-6 - (27 + -3)) + 7.
-23
(10 - -9) + (-42 - -18)
-5
(31 - 0 - (68 - 75)) + -13
25
Calculate (12 - (28 - -6)) + 19 + 12.
9
Calculate -4 - (-10 - -2 - -8 - -1).
-5
(-21 - (-13 + (12 - 10))) + 6
-4
Evaluate -3 + -2 - (18 + -23 + -6).
6
What is the value of 21 - ((3 - 2) + 14 + -7)?
13
What is the value of 2 + (0 - -1) + (0 - (39 - 58))?
22
20 + 0 - (-11 - -1 - (57 - 69))
18
Evaluate -5 - (-10 + 1) - (2 - -21).
-19
-25 + 5 + (-7 + 3 - (-2 - 4))
-18
25 + (-4 - (0 - -4 - (-6 - -7)))
18
Evaluate -1 - (-4 - (1 + 2)) - (-36 + 25).
17
What is 66 + -47 + -33 + 4 + 1?
-9
What is -2 + (-7 + 4 - (-1 + -11))?
7
Calculate 2 - ((4 - 0) + -6) - (-7 - -6).
5
Calculate -4 + -1 + -2 - (641 - 644).
-4
5 + -4 + -2 + 22 + -13
8
Evaluate 35 - (-18 + 37) - (-1 - (-13 + 5)).
9
What is 3 + 1 + -53 + 39 - -8?
-2
What is -30 + (100 - 10) + -35?
25
(20 - (-20 + 42)) + (-14 - 0) + 6
-10
What is -33 - -33 - (-4 - -24)?
-20
(-1 - 4 - (-50 + 48)) + 2 + -31
-32
Evaluate 5 - 1 - (4 + -4 + 8 + 3).
-7
What is (-6 - -17 - (10 + 0)) + (2 - -3)?
6
(-3 - (-7 + (5 - 14))) + -33
-20
Evaluate 38 - 36 - 43 - -20.
-21
What is the value of 4 + 8 + (-5 - -7) + -25 + -15?
-26
What is 18 + -32 + -2 + 9 - -5?
-2
-26 - -1 - (-7 + (1 - 6))
-13
Evaluate (-1 - (1 - 9)) + (-5 - (7 + -2)).
-3
Calculate -5 + -1 + 11 + (-11 - 6) + -7.
-19
Calculate 0 + -9 - (-13 - (-9 - -9)).
4
Calculate -6 + (6 - 3) - ((-2 - -2) + 2).
-5
What is -37 + -16 + 61 + (-1 + 0 - 3)?
4
What is the value of -4 - 1 - (-69 - -67)?
-3
What is the value of (8 + 16 - 17) + -6?
1
Evaluate (-3 - -28) + (78 - 91).
12
What is the value of -5 - (-12 + 4 - 1) - (4 - -10)?
-10
What is the value of -1 + -7 - (85 + -91 - (20 - -2))?
20
Evaluate (22 - (-4 - -2)) + -11.
13
What is (45 - 14) + -8 - 7?
16
Calculate -5 + -1 + 19 + -14 - 4.
-5
Evaluate -35 - (-13 + 12 + -18) - 1.
-17
Calculate (-40 + 22 - -8) + -10.
-20
What is the value of -3 - -10 - (16 - (55 - 29))?
17
1 + (-2 - 2) - (-55 + 50)
2
Calculate 15 + (-8 - 5) - (0 + -5).
7
528 + -516 - (29 + -3)
-14
-1 - -5 - (-18 + 2 + 24) - -6
2
(29 - 26) + -6 + 25
22
4 + -15 + 5 - (-1 + -14)
9
(-7 - (-35 - -39)) + (-1 - 19)
-31
Evaluate (-54 - -31) + (7 - 3) + -2 + 4.
-17
Calculate 30 + -1 + 79 + -94.
14
What is 6 + -30 + -2 + (1 - -8)?
-17
Calculate -2 + 10 + (-27 - ((-10 - 3) + -2)).
-4
Calculate -2 + 6 + -2 + -14 - -27.
15
Calculate (-1 - -9 - (4 + 4 + -4)) + 5.
9
What is -15 - (-11 - (5 - 13))?
-12
What is the value of (12 - (-33 - -36)) + -26?
-17
Evaluate -41 + -4 + 19 + 13.
-13
Calculate 38 + (16 - 12) + -24.
18
What is the value of (0 - 11 - -4 - -8) + 7?
8
Evaluate 512 - 501 - ((1 - 2) + 2).
10
(434 - 417) + -32 + 1
-14
-17 - (14 + -35 - 1)
5
(-1 - 4) + 1 + 263 + -270
-11
Evaluate (2 - -22 - 5) + (4 - 2).
21
What is the value of (7 - (-6 + 17)) + (-5 - (0 + 0))?
-9
What is the value of 6 + -26 + -3 - -14 - 1?
-10
Evaluate -1 + 11 + 2 - (-10 + 13).
9
9 + (4 - 5 - 6)
2
Calculate 311 + -310 + (-1 - -1) + -1 + -19.
-19
Calculate (-9 - 3) + -4 + 7.
-9
Calculate -3 + 1 + 17 + -9 - (-25 - 0).
31
Calculate 3 + (1 - (-7 + 8 + 3)).
0
(2 - -10) + -20 + -6
-14
What is -12 - (-27 + 20 - -18)?
-23
28 - (-5 + 60) - -43
16
What is the value of 4 + (-1 - (-12 + 0 + -1 + 5))?
11
What is -13 - ((18 - 13) + -17 - -16)?
-17
What is the value of 6 + 0 + (14 - 24) + 6 - 10?
-8
What is (-2 - -1 - 5) + (-13 - -50) + -19?
12
13 - -1 - (-16 + 8 + 13)
9
Calculate (11 - 4 - (8 - -1)) + (-8 - -2).
-8
Calculate (-1 - 1) + (21 - (5 - -3 - -1)).
10
(-2 - 1 - (-12 - -12)) + 4 - -5
6
Calculate 3 + -2 + 40 + -13 + 2 + 7.
37
(30 - -3) + -466 + 420
-13
What is the value of -5 + 0 + -2 + -12 + 11 + 5?
-3
What is the value of (6 - 29 - -11) + 1?
-11
Evaluate 6 + (2 - (6 + (2 - -1))).
-1
What is 4 + (-17 - -1) + 15 + 7?
10
What is (31 - -3) + -14 + -39 + 0 + -2?
-21
What is 4 + 25 + (21 - 46)?
4
What is (-30 - -30 - 0) + -1 + 13 + 6?
18
What is -21 + 34 - 14 - (1 - 14)?
12
Evaluate -3 - (-5 + -2 + 2 - -9).
-7
Evaluate (23 + -26 + (1 - 0) - 14) + 5.
-11
What is (13 - -1) + (-75 - -58) + 15?
12
What is the value of -7 + 1 - (-61 - -45)?
10
What is (8 + -14 - 10) + 29 - 11?
2
What is 3 + (-4 + 3 + 2 - (7 - 0))?
-3
What is -17 - -30 - 14 - 14?
-15
What is the value of 10 + (59 + -64 - (-3 - 1))?
9
Evaluate -34 - (-32 - (36 + -39)).
-5
What is -15 - ((-2 - -15) + -15)?
-13
-6 - -10 - 5 - (7 + -3 + -17)
12
(-13 + 10 - (0 + 2 + -4)) + -1
-2
Evaluate -29 - -4 - (407 + -408).
-24
3 + 0 + -12 + -3
-12
Calculate -22 - ((22 - 3) + -14 + (-7 - 1)).
-19
Calculate 3 - (-8 + 6) - ((-8 - 0) + 3).
10
Evaluate (1 - (11 + -25 - -4)) + -2.
9
What is the value of -26 - ((0 - 1) + -14) - -2?
-9
-2 + (3 - (-9 + 10)) + 5 + -5
0
-390 - -379 - (29 - (2 - (0 + 0)))
-38
37 + -47 + -48 - -38
-20
Calculate (11 - 1) + (9 + -4 - 5 - -2).
12
What is (36 - (-6 + 10)) + -39?
-7
5 + 0 - -5 - (243 - 262)
29
Evaluate (-45 - (-46 + 8)) + -6 + -2 + 1.
-14
What is 1 + (-4 - (6 - 14)) + -11 + 0?
-6
What is the value of (14 - 3) + -3 - (-218 + 219)?
7
What is the value of (-1 - (-2 - (6 + -6))) + 4 - -17?
22
1 + (-2 - (0 - -1)) + 14
12
What is -2 + 7 + (52 - 41) + 4?
20
What is 5 + (-3 - (7 - 6)) + -2?
-1
Evaluate (6 - -3) + (73 - 90).
-8
What is the value of (14 + 3 - -2) + (-11 - -9 - 0)?
17
Evaluate 3 + -19 + 0 - -3 - -5.
-8
What is -1 + -4 + -30 + (-10 - -35)?
-10
What is the value of -12 - (-26 + 4) - (18 - -2)?
-10
(-5 - -4 - 0) + (-2 - (9 + -11))
-1
8 + 6 + -11 + -8 - -8
3
Evaluate -5 - ((15 - (8 + 2)) + -1 + -5).
-4
What is (-9 - (-12 + -4)) + (-2 - (1 - 1))?
5
What is (-6 - ((-3 - -13) + -13)) + -1 + 0?
-4
Evaluate 5 + 0 + -20 + 11 - (-3 - -6).
-7
Evaluate -21 + (21 - -6) - (-3 - -1).
8
Calculate 6 + -1 - ((18 - 12 - 12) + 2).
9
(18 - (39 + -47)) + -53
-27
(-16 - (-3 - 18)) + -2
3
(-21 + -4 + 13 - -6) + 13 - 3
4
What is the value of 12 + -14 + (17 - (9 + -7))?
13
What is the value of -7 - (-7 - (-16 + 9 + 9))?
2
What is the value of -2 + (-6 - (1 + -12) - 6)?
-3
Calculate -12 + 10 + (-7 - -3) + 3.
-3
(7 - 14) + -7 - -12
-2
-23 + (-25 - (-15 + -24)) - (-10 + 0)
1
What is the value of 17 + (7 + -29 - -14) - 13?
-4
Evaluate 7 - (-43 - -61 - (-4 + 0)).
-15
Evaluate 8 + (-37 + -40 - -30).
-39
48 + 32 + -67 - -4
17
What is -1 + 2 + -34 + 44?
11
Calculate 0 - (-5 + (7 - (4 - 3) - -6)).
-7
Evaluate (3 - -1) + -31 + 18 + (-4 - -11).
-2
What is -12 + 1 + 1 + (4 - -15)?
9
What is the value of (-4 - (-2 - (4 + 3))) + -5?
0
What is the value of -1 + 13 + (7 - 16) + 1 + -25?
-21
Evaluate -3 + 2 - (-58 - -64).
-7
What is the value of 0 + -5 - (-166 - -171)?
-10
(0 - (-10 - -8)) + (13 - -1)
16
(-23 - -18) + 10 - -11
16
(8 - ((12 - 18) + 14)) + -6
-6
Evaluate (-15 - (-17 + 0)) + 2.
4
12 - -6 - ((-1 + -1 - -1) + -1)
20
What is (-1 - (4 + 2)) + -96 + 108?
5
Calculate -12 + 0 + (7 - 9) - (0 - 4).
-10
Evaluate 1 + (-2 + -4 - -14).
9
What is the value of 2 - -20 - (9 + -18 + 2 + 13)?
16
Calculate 5 - -9 - 11 - (13 - -1) - 2.
-13
Evaluate 10 - (20 + -8 + 5) - -12.
5
-18 - (7 - (9 + 8))
-8
Evaluate -7 + (2 - -4 - ((14 - 4) + -3)).
-8
Evaluate -7 - (8 + 4 + (6 - 26 - -9)).
-8
Calculate 11 - (-18 - -11 - -8 - -37).
-27
What is 6 + (-19 - (-13 + 5)) + (5 - -1)?
1
What is the value of 1 - -5 - (1172 - 1162)?
-4
Evaluate 53 - (12 + 21) - -10.
30
-7 - (-34 + 4 + -2 + (8 - 10))
27
(13 - (34 - 3) - -35) + 0
17
Calculate -5 + (-11 - (-4 + -9) - -11).
8
(1 - 0) + (-7 + 22 + -7 - 8)
1
-29 + (-8 - (-17 - 16))
-4
2 + (47 - 41 - (2 + 17))
-11
What is the value of 0 + 0 - (-3 - 2)?
5
-378 - -372 - ((1 - 0) + 1)
-8
What is the value of 33 - (27 - (0 - -10))?
16
(-69 - -68) + (2 - -6)
7
Evaluate -4 + (20 - (-2 - -12)).
6
Evaluate -11 + 1 + 3 + 10 + -6 + 17.
14
14 + (2 - (4 - 1)) + -2 + 9
20
What is 1 - -2 - (51 + -43)?
-5
What is (-1596 - -1595) + 0 + 33?
32
What is 17 + 11 + -30 + 8 + -16 + 38?
28
Evaluate 12 - (-8 - (2 + -7 + -12)).
3
Calculate 0 - -4 - (25 + -9).
-12
What is (5 - (17 - -5)) + (0 - -4)?
-13
What is the value of (-11 + -8 - (-6 + 18)) + -1 + 8?
-24
Evaluate -25 + 14 + 6 - 9.
-14
-32 - (15 + -11) - -5
-31
Calculate (4 - 3) + (1 - 5) - (0 + -17).
14
Evaluate -1 + (-3 - -4 - -24) + (117 - 125).
16
(32 + -60 - 2) + 20
-10
What is the value of -20 - (-29 + -4) - 20 - (2 - -26)?
-35
Calculate -7 - (7 - (2 + 10)